0. Calculate the remainder when u is divided by v(-2).
18
Suppose 24*q - 5*w + 1 = 22*q, w - 7 = -3*q. What is the remainder when (4 - -29)*q*(-5)/(-15) is divided by 11?
0
What is the remainder when 851 is divided by (-70)/(-63) + (-19100)/(-225)?
77
Let h(o) = 4*o**2 - 9*o + 17. Let y(j) = 21*j + 5. Let x be y(-4). Let d = x - -98. Calculate the remainder when h(7) is divided by d.
17
Let i be 10/3*(48/(-5))/(-2). Suppose -f - i + 15 = 0. Calculate the remainder when 51 is divided by (f - 4/(-6)) + 40/3.
12
Suppose -53 = 3*w + t, 2*w = 4*w + 2*t + 42. Let m = 23 + w. Calculate the remainder when 24 is divided by m.
3
Let d(y) = -y**3 - 19*y**2 - 9*y - 103. Calculate the remainder when 284 is divided by d(-19).
12
Let w = 795 + -235. Suppose -220*d - w = -230*d. What is the remainder when d is divided by 38?
18
Let i(t) = -t**3 - 4*t**2 + 23*t + 143. Calculate the remainder when 325 is divided by i(-7).
67
Let b = -11634 - -11662. What is the remainder when 352 is divided by b?
16
Let r(n) = n**2 - 10*n + 3. Let m be r(10). Let l(w) = w - 2. Suppose 2*u - 549 = -545. What is the remainder when u is divided by l(m)?
0
Let m(n) = -2*n**3 - 5*n**2 + 5*n - 5. What is the remainder when (198/(-10))/(45/(-150)) is divided by m(-4)?
20
Suppose 22*s - 534 - 294 = -s. Calculate the remainder when 134 is divided by s.
26
Let h = -1190 - -1257. What is the remainder when 263 is divided by h?
62
Suppose -n + 20355 = -5*p + 71499, -p + 10236 = -n. What is the remainder when p is divided by 6?
3
Let s = -326 - -349. Suppose v = 3*m + 86, v + 4*m = -2*v + 271. Let d = v + -2. Calculate the remainder when d is divided by s.
18
Suppose -546*v - 42 = -547*v - 5*c, 0 = c - 3. What is the remainder when 3096 is divided by v?
18
Let z be ((-245)/(-49))/(2/20). What is the remainder when 34 is divided by (24/5)/4*z/15?
2
What is the remainder when 2*((-53860)/48)/(-5) + 5/(-6) is divided by 51?
40
Let a(h) = -4*h**2 + 11*h - 5 - 10*h**3 + 16*h**3 - 5*h**3. Calculate the remainder when a(5) is divided by 16.
11
Suppose -456 = -0*i - 4*i. Let b = 161 + -161. Suppose 2*d - 2 = b, -8 = -c - 3*d + 34. What is the remainder when i is divided by c?
36
Let u(v) = v**3 + 6*v**2 + 8*v. Suppose t = -14*t - 45. What is the remainder when u(t) is divided by (-4)/6 + (-8)/(-3)?
1
Let q(c) = -c**3 + 12*c**2 + 15*c - 10. Let p be q(13). Suppose -5*o + p = 2*m, 5*m + 5*o = 3*o + 61. What is the remainder when m is divided by 4?
1
Suppose -154*o = -51*o + 197*o - 2100. Calculate the remainder when o is divided by 3*(0 + 1)*1.
1
Suppose 3*j = -a + 4, -3*a + 19 = 3*j - 5*a. Suppose -5*d = r + j - 7, -4*r + 101 = 3*d. Calculate the remainder when 107 is divided by r.
20
Let m = -22181 + 22293. What is the remainder when 5487 is divided by m?
111
Let x = 3925 - 3522. Calculate the remainder when x is divided by 143.
117
Let b = -3202 - -6604. What is the remainder when b is divided by 227?
224
Suppose -55*l + 239 = -44 - 47. Suppose i = 5*k + 59, -2 = -5*k + 3. Calculate the remainder when i is divided by l.
4
Calculate the remainder when (((-6)/15)/((-2)/(-10)))/((-106)/396281) is divided by 17.
14
Suppose 3*t + 3*z + 6 = 0, 5*z = -t - 0*t - 14. Calculate the remainder when 31 is divided by (-17)/(-5)*(6 - t).
14
Suppose 45 = -9*q, 7*t = 12*t - 2*q - 105. Calculate the remainder when 112 is divided by t.
17
Let g = 8523 + -5837. Calculate the remainder when g is divided by 32.
30
Suppose 580 + 230 = 34*o + 62. What is the remainder when 897 is divided by o?
17
Let t = 4652 + -4449. What is the remainder when t is divided by 40?
3
Let y = -75 + 98. Calculate the remainder when (-1)/(-4)*-2*(y + -69) is divided by 190/35 + 3/(-7).
3
Let k(a) = -399*a - 3898. Calculate the remainder when 216 is divided by k(-10).
32
Let o(r) be the second derivative of -r**4/12 - 2*r**3/3 + 86*r**2 - 7*r + 7. Calculate the remainder when 92 is divided by o(10).
28
Calculate the remainder when 2097 is divided by (9 + (-104)/16 + -2)*222.
99
Let u(f) = -f**2 + f - 1. Let s be u(8). Let q = s + 69. Let b = 43 + q. Calculate the remainder when b is divided by 30.
25
Let f(k) = k**2 - 37*k + 1132. What is the remainder when f(35) is divided by 27?
9
Let z = -44280 + 46648. Calculate the remainder when 9472 is divided by z.
0
Let c = 11373 + -7686. Calculate the remainder when c is divided by 30.
27
Let i = 18 - 16. Suppose i*m = 9*m - 84. What is the remainder when 54 is divided by 14/84 + 178/m?
9
What is the remainder when (-19*(-17)/646)/((-3)/(-1284)) is divided by (9/6)/((-1)/(-50))?
64
Let n = 52 + -49. Let k be (n - 33/9)*(-246)/4. Suppose 2*x - k = -11. Calculate the remainder when 27 is divided by x.
12
Let y(b) = 5*b + 19. Let q be y(-3). Suppose -q*i - 195 = -i. Let m = i + 92. Calculate the remainder when 80 is divided by m.
26
Let p(t) = t**3 - 89*t**2 + 251*t + 797. What is the remainder when 1747 is divided by p(86)?
187
Suppose 3*o + 159 = 3*a, -8*a + 12*a = -2*o + 224. Suppose 0 = -a*h + 43*h + 3564. What is the remainder when h is divided by 20?
17
Let h(v) = 33*v**2 - 555*v - 29. Let z = 0 - -34. What is the remainder when h(17) is divided by z?
5
Suppose -41*i + 270335 = 61973. What is the remainder when i is divided by 340?
322
Suppose -5*i + 11 = -4. Let n be (0 - -4) + (-14 - 9/(-3)). Let c(g) = g**2 + 10*g + 23. Calculate the remainder when i is divided by c(n).
1
Suppose -5767 = 44*z - 33487. Calculate the remainder when z is divided by 14.
0
Calculate the remainder when ((-12)/(-12) - 77)*275/(-20) is divided by 262.
259
Suppose -781 + 339 = -6*b + 326. What is the remainder when b is divided by (-6)/(-4)*(-86)/(-3)?
42
Let r(k) = -70*k - 7. Let s be r(-2). Suppose -19*a = -12*a - s. What is the remainder when 52 is divided by a?
14
Suppose -255 = -24*i + 249. What is the remainder when 225 is divided by i?
15
Suppose 118*j + 10398 + 3462 = 250*j. What is the remainder when 186 is divided by j?
81
Let r = 423 - 425. Let d(m) = -239*m + 72. Calculate the remainder when d(r) is divided by 79.
76
Suppose -2*g = -3*v + 1512, 3*v + 5*g - 1338 = 174. Let u = 23 + v. Calculate the remainder when u is divided by 48.
47
Calculate the remainder when 732 is divided by (-9)/((-108)/1200)*(-3)/(-15).
12
Suppose 0 = -z - 3*v + 9, 10*v = z + 12*v - 6. Suppose 5*f + 4*n - 68 = z, 3*f - 20 = n + 14. Calculate the remainder when 249 is divided by f.
9
Suppose 15 = 3*r, -r - 1959 = -4*k + 152. Suppose 0 = 37*w - 433 - k. Calculate the remainder when 113 is divided by w.
9
Let g(p) = -7*p - 8. Suppose -3*z + 55 + 56 = 0. Let d = -41 + z. Calculate the remainder when g(d) is divided by 7.
6
Suppose -4*a - 3*z = -5442, -3*a - 22*z = -27*z - 4125. What is the remainder when a is divided by 114?
111
Suppose 64*d - 8100 = -17*d. What is the remainder when 185 is divided by d?
85
Suppose 0 = -40*h + 2687 + 713. What is the remainder when 2880 is divided by h?
75
Suppose -289*b - 200*b + 6846 = 0. Suppose -4*r = -3*h + h + 114, 0 = 2*h - r - 102. Calculate the remainder when h is divided by b.
7
Let v(l) = -103*l - 1521. What is the remainder when 29 is divided by v(-15)?
5
Let p(a) = a + 3. Let n be p(3). Calculate the remainder when 58/(-10)*(6 + -11) is divided by (4 + (0 - n))/((-6)/51).
12
Let p(a) = -a**2 + a + 10. Suppose -72*s = -79*s + 21. Calculate the remainder when 122 is divided by p(s).
2
Let z(y) = y**2 + 28*y + 5. Let k be z(-28). Suppose 3*p - 125 = -4*r + 57, -k*p + 313 = -3*r. Calculate the remainder when p is divided by 21.
20
Let j be 6/(-2) + 8 + 1. Let n be (-6 + 64/7)*14. Suppose 4*s - j*s = -n. Calculate the remainder when 40 is divided by s.
18
Let m = 21 - 24. Let x(k) = -k**3 - 2*k**2 - 3*k - 4. Suppose -5*l - 151 = -2*r - 45, 5*l - 318 = -6*r. What is the remainder when r is divided by x(m)?
11
Let d(k) = 2*k**2 - 258*k - 686. Calculate the remainder when 6038 is divided by d(132).
102
Let y(z) = 15*z + 78. Let s be y(15). Let a = 359 - s. Calculate the remainder when a is divided by 29.
27
What is the remainder when 381 is divided by (-2 - 4/40*244)*-5?
117
Let d(m) = -2*m + 1. Let t = 78648 - 78635. What is the remainder when t is divided by d(-3)?
6
Let a = -6392 - -6406. What is the remainder when 22313 is divided by a?
11
Suppose 3*x - 26 - 7 = 0. Suppose 2*u - 17524 = 5*